he units digit of 9734?
4
What is the units digit of 43840?
0
What is the units digit of 19476?
6
What is the thousands digit of 11430?
1
What is the hundreds digit of 808?
8
What is the tens digit of 14617?
1
What is the units digit of 664?
4
What is the ten thousands digit of 19404?
1
What is the tens digit of 7292?
9
What is the tens digit of 655?
5
What is the thousands digit of 15961?
5
What is the tens digit of 693?
9
What is the units digit of 1048?
8
What is the thousands digit of 5343?
5
What is the units digit of 8929?
9
What is the units digit of 1291?
1
What is the ten thousands digit of 18273?
1
What is the thousands digit of 44453?
4
What is the hundreds digit of 3320?
3
What is the hundreds digit of 487?
4
What is the ten thousands digit of 48093?
4
What is the thousands digit of 4452?
4
What is the units digit of 3300?
0
What is the units digit of 8138?
8
What is the tens digit of 9354?
5
What is the thousands digit of 3892?
3
What is the tens digit of 4206?
0
What is the tens digit of 15924?
2
What is the ten thousands digit of 28486?
2
What is the tens digit of 11194?
9
What is the hundreds digit of 5150?
1
What is the thousands digit of 4952?
4
What is the tens digit of 12473?
7
What is the units digit of 150?
0
What is the tens digit of 1889?
8
What is the tens digit of 1887?
8
What is the units digit of 52509?
9
What is the thousands digit of 3586?
3
What is the ten thousands digit of 49703?
4
What is the tens digit of 297?
9
What is the hundreds digit of 981?
9
What is the hundreds digit of 13801?
8
What is the tens digit of 61911?
1
What is the ten thousands digit of 10937?
1
What is the units digit of 83608?
8
What is the hundred thousands digit of 192065?
1
What is the hundreds digit of 48242?
2
What is the tens digit of 1330?
3
What is the ten thousands digit of 16697?
1
What is the units digit of 329?
9
What is the thousands digit of 69996?
9
What is the units digit of 19170?
0
What is the tens digit of 663?
6
What is the hundreds digit of 8340?
3
What is the hundreds digit of 2623?
6
What is the hundreds digit of 4749?
7
What is the tens digit of 1280?
8
What is the units digit of 1270?
0
What is the units digit of 248?
8
What is the units digit of 1191?
1
What is the tens digit of 299?
9
What is the thousands digit of 40937?
0
What is the thousands digit of 29678?
9
What is the units digit of 906?
6
What is the units digit of 16?
6
What is the thousands digit of 2399?
2
What is the tens digit of 1951?
5
What is the hundreds digit of 635?
6
What is the hundreds digit of 29150?
1
What is the tens digit of 241?
4
What is the thousands digit of 14063?
4
What is the thousands digit of 76957?
6
What is the ten thousands digit of 40167?
4
What is the hundreds digit of 24136?
1
What is the units digit of 3698?
8
What is the tens digit of 426?
2
What is the tens digit of 63611?
1
What is the units digit of 31260?
0
What is the units digit of 8092?
2
What is the tens digit of 132552?
5
What is the units digit of 32480?
0
What is the tens digit of 141?
4
What is the hundred thousands digit of 126086?
1
What is the hundreds digit of 328?
3
What is the hundreds digit of 578?
5
What is the ten thousands digit of 56221?
5
What is the thousands digit of 99037?
9
What is the units digit of 8850?
0
What is the thousands digit of 12525?
2
What is the units digit of 8230?
0
What is the tens digit of 4050?
5
What is the units digit of 2776?
6
What is the tens digit of 15670?
7
What is the tens digit of 5116?
1
What is the tens digit of 4553?
5
What is the tens digit of 21613?
1
What is the ten thousands digit of 12700?
1
What is the tens digit of 1608?
0
What is the hundreds digit of 37592?
5
What is the tens digit of 2347?
4
What is the tens digit of 5995?
9
What is the units digit of 1836?
6
What is the hundreds digit of 3110?
1
What is the tens digit of 199743?
4
What is the units digit of 64563?
3
What is the tens digit of 8170?
7
What is the thousands digit of 8569?
8
What is the hundreds digit of 2716?
7
What is the hundreds digit of 174?
1
What is the units digit of 985?
5
What is the tens digit of 474?
7
What is the ten thousands digit of 110753?
1
What is the tens digit of 1266?
6
What is the tens digit of 34466?
6
What is the units digit of 144250?
0
What is the hundreds digit of 10103?
1
What is the units digit of 2651?
1
What is the thousands digit of 2578?
2
What is the tens digit of 10453?
5
What is the hundreds digit of 1667?
6
What is the ten thousands digit of 57906?
5
What is the units digit of 3672?
2
What is the hundreds digit of 46455?
4
What is the tens digit of 53616?
1
What is the units digit of 1645?
5
What is the units digit of 8687?
7
What is the hundreds digit of 10435?
4
What is the thousands digit of 1445?
1
What is the units digit of 87747?
7
What is the tens digit of 38622?
2
What is the tens digit of 11354?
5
What is the thousands digit of 2572?
2
What is the hundreds digit of 56163?
1
What is the tens digit of 587?
8
What is the ten thousands digit of 31455?
3
What is the tens digit of 6935?
3
What is the tens digit of 300?
0
What is the thousands digit of 12316?
2
What is the tens digit of 59?
5
What is the ten thousands digit of 12488?
1
What is the hundreds digit of 323?
3
What is the hundreds digit of 4697?
6
What is the hundreds digit of 4504?
5
What is the tens digit of 1818?
1
What is the thousands digit of 1670?
1
What is the tens digit of 22329?
2
What is the units digit of 4187?
7
What is the ten thousands digit of 18890?
1
What is the hundreds digit of 18925?
9
What is the tens digit of 1677?
7
What is the hundreds digit of 817?
8
What is the tens digit of 96051?
5
What is the thousands digit of 2189?
2
What is the tens digit of 855?
5
What is the units digit of 502?
2
What is the thousands digit of 57986?
7
What is the thousands digit of 3388?
3
What is the thousands digit of 8533?
8
What is the tens digit of 45282?
8
What is the hundreds digit of 19407?
4
What is the units digit of 99034?
4
What is the tens digit of 337?
3
What is the thousands digit of 20675?
0
What is the tens digit of 13023?
2
What is the ten thousands digit of 33418?
3
What is the tens digit of 5131?
3
What is the thousands digit of 6358?
6
What is the hundreds digit of 7940?
9
What is the thousands digit of 2044?
2
What is the thousands digit of 4490?
4
What is the units digit of 6842?
2
What is the units digit of 6788?
8
What is the thousands digit of 33296?
3
What is the hundreds digit of 779?
7
What is the thousands digit of 6863?
6
What is the thousands digit of 36546?
6
What is the tens digit of 14670?
7
What is the ten thousands digit of 69175?
6
What is the thousands digit of 10195?
0
What is the hundreds digit of 1348?
3
What is the ten thousands digit of 25867?
2
What is the tens digit of 29035?
3
What is the units digit of 33?
3
What is the hundreds digit of 5047?
0
What is the hundreds digit of 530?
5
What is the units digit of 1390?
0
What is the tens digit of 3205?
0
What is the tens digit of 23409?
0
What is the thousands digit of 4134?
4
What is the units digit of 2497?
7
What is the units digit of 16987?
7
What is the tens digit of 11595?
9
What is the hundred thousands digit of 110251?
1
What is the hundreds digit of 533?
5
What is the thousands digit of 25287?
5
What is the thousands digit of 17251?
7
What is the hundreds digit of 42954?
9
What is the ten thousands digit of 42327?
4
What is the tens digit of 1152?
5
What is the units digit of 704?
4
What is the thousands digit of 4364?
4
What is the units digit of 4130?
0
What is the tens digit of 1147?
4
What is the units digit of 7988?
8
What is the tens digit of 52892?
9
What is the units digit of 3058?
8
What is the thousands digit of 21514?
1
What is the tens digit of 5553?
5
What is the tens digit of 18812?
1
What is the hundreds digit of 3223?
2
What is the ten thousands digit of 12101?
1
What is the units digit of 44361?
1
What is the units digit of 2885?
5
What is the thousands digit of 1871?
1
What is the hundreds digit of 49745?
7
What is the hundreds digit of 2166?
1
What is the thousands digit of 27076?
7
What is the units digit of 293?
3
What is the hundreds digit of 3248?
2
What is the tens digit of 24708?
0
What is the hundreds d